millions digit of 17978820?
7
What is the hundreds digit of 646933?
9
What is the ten thousands digit of 2878699?
7
What is the hundred thousands digit of 9918264?
9
What is the ten thousands digit of 4887707?
8
What is the millions digit of 5002040?
5
What is the hundreds digit of 1587057?
0
What is the tens digit of 1055474?
7
What is the hundreds digit of 331473?
4
What is the units digit of 404265?
5
What is the hundreds digit of 1229659?
6
What is the ten thousands digit of 21762885?
6
What is the thousands digit of 34799664?
9
What is the ten thousands digit of 9653347?
5
What is the tens digit of 8126293?
9
What is the hundred thousands digit of 9597848?
5
What is the thousands digit of 389323?
9
What is the hundred thousands digit of 109238?
1
What is the units digit of 71726?
6
What is the hundreds digit of 355344?
3
What is the units digit of 68427?
7
What is the units digit of 1534861?
1
What is the tens digit of 11001433?
3
What is the tens digit of 33752943?
4
What is the hundreds digit of 1855233?
2
What is the ten millions digit of 11081383?
1
What is the hundred thousands digit of 218007?
2
What is the millions digit of 1875833?
1
What is the hundreds digit of 89576?
5
What is the millions digit of 7472680?
7
What is the tens digit of 91879?
7
What is the millions digit of 2138244?
2
What is the tens digit of 950557?
5
What is the tens digit of 306863?
6
What is the hundreds digit of 20297257?
2
What is the hundred thousands digit of 2238675?
2
What is the tens digit of 8328456?
5
What is the ten thousands digit of 1481894?
8
What is the millions digit of 3869956?
3
What is the tens digit of 7984310?
1
What is the thousands digit of 1348137?
8
What is the millions digit of 2571680?
2
What is the ten thousands digit of 1916196?
1
What is the tens digit of 711586?
8
What is the ten thousands digit of 1434134?
3
What is the ten millions digit of 21184929?
2
What is the hundreds digit of 153203?
2
What is the hundreds digit of 243872?
8
What is the thousands digit of 233749?
3
What is the tens digit of 1978090?
9
What is the thousands digit of 310389?
0
What is the tens digit of 4965688?
8
What is the hundred thousands digit of 1122508?
1
What is the thousands digit of 300959?
0
What is the hundred thousands digit of 22496594?
4
What is the thousands digit of 335389?
5
What is the hundred thousands digit of 340706?
3
What is the ten thousands digit of 7069160?
6
What is the ten thousands digit of 408745?
0
What is the hundred thousands digit of 3521041?
5
What is the hundreds digit of 226364?
3
What is the millions digit of 13482908?
3
What is the thousands digit of 212960?
2
What is the ten thousands digit of 1164772?
6
What is the ten thousands digit of 1855660?
5
What is the units digit of 1768983?
3
What is the hundred thousands digit of 336210?
3
What is the units digit of 429322?
2
What is the thousands digit of 2186403?
6
What is the ten thousands digit of 47158?
4
What is the units digit of 805?
5
What is the thousands digit of 17648337?
8
What is the hundreds digit of 370141?
1
What is the tens digit of 887815?
1
What is the ten thousands digit of 559536?
5
What is the units digit of 1938181?
1
What is the tens digit of 101136?
3
What is the tens digit of 2344773?
7
What is the thousands digit of 580114?
0
What is the ten thousands digit of 17977649?
7
What is the thousands digit of 59633?
9
What is the tens digit of 7362879?
7
What is the hundred thousands digit of 6533235?
5
What is the hundreds digit of 516274?
2
What is the thousands digit of 4481632?
1
What is the hundred thousands digit of 8130806?
1
What is the hundred thousands digit of 219432?
2
What is the hundred thousands digit of 669000?
6
What is the units digit of 353065?
5
What is the tens digit of 370847?
4
What is the hundreds digit of 6970808?
8
What is the thousands digit of 131223?
1
What is the hundred thousands digit of 218958?
2
What is the tens digit of 323968?
6
What is the tens digit of 1654444?
4
What is the hundred thousands digit of 275436?
2
What is the units digit of 250708?
8
What is the hundreds digit of 1435512?
5
What is the tens digit of 307364?
6
What is the hundreds digit of 254977?
9
What is the ten millions digit of 13550869?
1
What is the millions digit of 1810235?
1
What is the tens digit of 6300326?
2
What is the thousands digit of 16357172?
7
What is the units digit of 417659?
9
What is the hundred thousands digit of 157699?
1
What is the units digit of 180779?
9
What is the units digit of 129603?
3
What is the hundred thousands digit of 5876038?
8
What is the ten thousands digit of 3901134?
0
What is the thousands digit of 266124?
6
What is the hundred thousands digit of 6035112?
0
What is the hundreds digit of 712393?
3
What is the hundred thousands digit of 3135783?
1
What is the thousands digit of 84381?
4
What is the tens digit of 324920?
2
What is the millions digit of 1369974?
1
What is the hundred thousands digit of 387197?
3
What is the tens digit of 4465468?
6
What is the ten thousands digit of 950291?
5
What is the hundreds digit of 10133764?
7
What is the hundred thousands digit of 319037?
3
What is the ten thousands digit of 816607?
1
What is the thousands digit of 1070740?
0
What is the hundreds digit of 408476?
4
What is the units digit of 8927?
7
What is the tens digit of 697881?
8
What is the millions digit of 7485295?
7
What is the ten thousands digit of 621846?
2
What is the hundreds digit of 110333?
3
What is the units digit of 945867?
7
What is the tens digit of 65240?
4
What is the tens digit of 9578366?
6
What is the hundreds digit of 5273020?
0
What is the ten millions digit of 14878051?
1
What is the ten thousands digit of 323055?
2
What is the tens digit of 6997479?
7
What is the hundred thousands digit of 5861784?
8
What is the hundred thousands digit of 2474212?
4
What is the thousands digit of 993161?
3
What is the ten thousands digit of 1198368?
9
What is the units digit of 13924762?
2
What is the ten thousands digit of 126704?
2
What is the thousands digit of 1139437?
9
What is the hundred thousands digit of 321897?
3
What is the hundreds digit of 2386312?
3
What is the millions digit of 27592612?
7
What is the thousands digit of 373941?
3
What is the hundreds digit of 65500?
5
What is the hundreds digit of 5733845?
8
What is the tens digit of 81305?
0
What is the thousands digit of 5152149?
2
What is the hundreds digit of 301230?
2
What is the units digit of 514897?
7
What is the ten thousands digit of 3198206?
9
What is the tens digit of 169619?
1
What is the thousands digit of 388585?
8
What is the units digit of 242661?
1
What is the ten thousands digit of 1270185?
7
What is the hundreds digit of 964291?
2
What is the millions digit of 9907129?
9
What is the hundreds digit of 823299?
2
What is the tens digit of 3157063?
6
What is the thousands digit of 10632348?
2
What is the tens digit of 168032?
3
What is the ten thousands digit of 584085?
8
What is the tens digit of 2511261?
6
What is the tens digit of 469201?
0
What is the hundred thousands digit of 20251806?
2
What is the hundred thousands digit of 275403?
2
What is the hundred thousands digit of 253092?
2
What is the tens digit of 18408258?
5
What is the units digit of 7267?
7
What is the ten thousands digit of 451251?
5
What is the hundred thousands digit of 254177?
2
What is the hundreds digit of 14482249?
2
What is the thousands digit of 174309?
4
What is the hundreds digit of 604363?
3
What is the millions digit of 14495178?
4
What is the tens digit of 198829?
2
What is the units digit of 8289443?
3
What is the hundred thousands digit of 235935?
2
What is the hundreds digit of 220880?
8
What is the units digit of 197626?
6
What is the thousands digit of 4788540?
8
What is the tens digit of 470114?
1
What is the units digit of 42536?
6
What is the millions digit of 3555907?
3
What is the thousands digit of 616855?
6
What is the ten thousands digit of 56179?
5
What is the hundreds digit of 861760?
7
What is the ten thousands digit of 1420105?
2
What is the ten thousands digit of 482407?
8
What is the hundred thousands digit of 320715?
3
What is the tens digit of 313644?
4
What is the hundred thousands digit of 14690232?
6
What is t